 + 2*p. What is the remainder when 34 is divided by 5 - 5 - (-38)/(3 - v)?
15
Let t = -3729 + 3787. What is the remainder when 626 is divided by t?
46
Let v be 68*((-92)/(-16) + -6). Let y(q) = -2*q + 63. Calculate the remainder when y(v) is divided by 37.
23
Suppose -2*s + 2292 = 7*f - 3*f, 4*s + f = 4591. Let n = s + -590. Calculate the remainder when n is divided by 40.
38
Suppose -506*d + 514*d - 4500 + 1124 = 0. Calculate the remainder when d is divided by 23.
8
Suppose -7776 = -4*g + 4*d, 3*d - 1576 = -5*g + 8152. Suppose 214*c - 209*c - g = 0. What is the remainder when c is divided by 13?
12
Let d(p) = 6*p**2 - 18*p + 129. Calculate the remainder when d(6) is divided by 136.
101
Let x be -4*(-11 + 4)*3. Let o = x - 89. Let k(a) = 3*a**2 + 6*a - 2. Calculate the remainder when k(o) is divided by 22.
21
Suppose -5*z - 4*a = -910, -4*a + 554 = 3*z - 0*a. Let c = z - 97. What is the remainder when c is divided by 496/36 - 214/(-963)?
11
Suppose 2*b + 10 = w + 4*b, 2*w - 11 = -b. Suppose w*k = s - 114, 3*s + k - 3*k = 332. Calculate the remainder when s is divided by 57.
53
Suppose m + 410*z - 42 = 413*z, -4*m + 5*z = -133. Calculate the remainder when 102 is divided by m.
21
Let b(i) = 249*i**3 + i**2 + 8*i - 9. Calculate the remainder when b(1) is divided by 52.
41
Suppose -2*m + 5*j = -4471, -5*m + 47*j = 44*j - 11168. What is the remainder when m is divided by 26?
23
Let b = -5132 + 5202. What is the remainder when 155 is divided by b?
15
Suppose -12*j + 21360 + 9636 = 0. Suppose 5*v = 46*v - j. Calculate the remainder when v is divided by 20.
3
Suppose -27*w = -10*w - 1330 - 2087. What is the remainder when 601 is divided by w?
199
Suppose -22801 = -29*i + 16030. Let q = 460 + i. Calculate the remainder when q is divided by 72.
71
Let k(q) = -4*q**3 + 2*q**2 + 3*q - 3. Let h be k(-3). Suppose 0 = 2*l + l - h. Suppose -l*b = -43*b + 60. What is the remainder when 42 is divided by b?
6
Suppose 1085 = -11*t + 183. Let p = -84 - t. Let n(i) = -2*i**3 + 4*i**2 + i - 3. Calculate the remainder when 49 is divided by n(p).
22
Let s = 4379 - 4235. Let i = -28 + 65. Calculate the remainder when s is divided by i.
33
Let d(r) = -3*r**3 + 4*r**2 + 5*r - 12. Let c be d(4). What is the remainder when 2/(-5) + -4*3762/c is divided by 28?
13
Let g(q) = 5*q**2 + 379*q - 758. Calculate the remainder when 657 is divided by g(2).
17
Let b = 341 - 193. Let r = -96 + b. Calculate the remainder when 153 is divided by r.
49
Let s(l) = -l**3 - 4*l**2 - 10*l + 4. Let v be s(-4). Suppose -94 = -q - v. What is the remainder when 295 is divided by q?
45
Calculate the remainder when 746 is divided by (-24416)/(-160) - 2/(-5).
134
Suppose 3*p = 4 + 11. Let m(n) = -n**3 + 5*n**2 + 5*n - 27. Let t be m(p). Calculate the remainder when (2*t)/((14/16)/(-7)) is divided by 9.
5
Suppose -4*n + 2*s - 25 = 3, 4*s = -5*n - 9. Let c = n - -145. Let l = 38 + 9. What is the remainder when c is divided by l?
46
Suppose 2*d - 6*d = -172. Let y = -15 + d. Let x = -957 - -1067. What is the remainder when x is divided by y?
26
Suppose -36*h = -31*h + 3*u - 5244, 0 = -3*h - 3*u + 3150. Calculate the remainder when h is divided by 30.
27
Let k(s) = -2*s**3 - 2*s**2 + s - 3. Let l(a) = 2*a**2 + 68*a + 427. What is the remainder when k(-3) is divided by l(-8)?
8
Suppose 0 = 2*g - 6 - 10. Let r = -191 - -201. What is the remainder when (-188)/r*10/(-4) is divided by g?
7
Suppose -77012 = -90*s + 64*s. What is the remainder when s is divided by 38?
36
Suppose 201*n = 199*n + 54. Let g be (135/20)/((-4)/(-16)). Let h = 106 - g. What is the remainder when h is divided by n?
25
Suppose p + 37 = 63. Let q(h) = -5*h + 4. Let n be q(3). Let u = p + n. What is the remainder when 72 is divided by u?
12
Let i be (2938/5)/(-1) + (-309)/(-515). Let a = 614 + i. Let k(q) = 27*q - 3. Calculate the remainder when k(2) is divided by a.
24
Calculate the remainder when 742 is divided by (2/(-48) + (-56890)/(-240))*2/6.
31
Let n(z) = 565*z + 1700. Calculate the remainder when 5003 is divided by n(-3).
3
Suppose q = y + 65, 5*y + 411 - 131 = -4*q. Let d be (630/21)/(12/40). Let w = y + d. What is the remainder when w is divided by 14?
12
Let r = -65 + 91. Let t = -47 + 50. Suppose -t*b + 26 = -22. Calculate the remainder when r is divided by b.
10
Let l = 2026 + -2018. What is the remainder when 407 is divided by l?
7
Let l be (224/20)/(((-24)/460)/(-3)). Let i = l - 552. What is the remainder when i is divided by 37?
18
Suppose z + 2*z + p = 190, -2*z = p - 128. Let s be -2 - (z + 9 + -4). Let j = -19 - s. What is the remainder when j is divided by 18?
14
Let h = -91 - -166. Let y = h + -36. Calculate the remainder when y is divided by 10.
9
Suppose 2*b = -l + 23, -2*l + 52 = 5*b - 8. Let x = -1119 + 652. Let t = -464 - x. Calculate the remainder when b is divided by t.
2
What is the remainder when 331 is divided by ((-10048)/320)/((-3)/15)?
17
Suppose -5*b - 35 = 0, -33*i = -36*i - 4*b + 77. Calculate the remainder when 2237 is divided by i.
32
Let f(t) = -24*t + 67. Let z(r) = -r. Let i(q) = -f(q) + z(q). What is the remainder when i(7) is divided by 28?
10
Suppose -51*f + 37*f + 98 = 0. Let q(u) = -u**3 + 8*u**2 + 3*u - 17. Let g(r) = -r**3 - 6*r**2 - r + 5. What is the remainder when q(f) is divided by g(-6)?
9
Suppose -f = -c + f + 24, -4*c + 76 = -3*f. Calculate the remainder when 346 is divided by c.
10
Let f(b) = -b**3 + b**2 - 2*b - 4. Let z = 2166 - -2682. Calculate the remainder when 1/5 + z/60 is divided by f(-2).
9
What is the remainder when 112 is divided by 696/15 - (-7 - (-814)/110)?
20
Let r = 203 + -201. Suppose -4*d + r*b = 3*b - 83, -3*d + 4*b = -67. Calculate the remainder when 153 is divided by d.
6
Suppose 3*h = -98 + 257. Suppose -5*a = -v + 242, 2*a + v + 48 + h = 0. Let o = 118 + a. Calculate the remainder when o is divided by 12.
9
Let h = 13310 - 13048. Calculate the remainder when 736 is divided by h.
212
Let h(r) = -13*r - 25. Let w(n) = 18*n + 33. Let o(i) = -11*h(i) - 8*w(i). Let u = -5 + 11. What is the remainder when o(u) is divided by 4?
1
Let r = 16 + -14. Suppose -3*m = -d - 326, -5 = -3*d - r. Suppose -125 = -5*c + 43*s - 48*s, 2*s - 22 = -c. What is the remainder when m is divided by c?
25
Let x(k) = -8*k + 1. Let m be ((-42)/12 - -2)*(-212)/(-6). Let c = m - -51. Calculate the remainder when 64 is divided by x(c).
13
Suppose 4*r = -3*y + 1361, -104 = -y + 5*r + 356. Let j = y - 140. What is the remainder when j is divided by 79?
78
Let c(u) = 3*u**3 - 2*u + 2*u**3 - 13*u**2 - 17 + u**2 - 6*u**3. Suppose 28 + 140 = -14*m. Calculate the remainder when 11 is divided by c(m).
4
Suppose p = 2*x + 846, 311*p - 3329 = 307*p - 3*x. What is the remainder when p is divided by 805?
31
Suppose 0 = -67*a + 66*a + 5*l + 226, -a + 202 = -l. What is the remainder when 9405 is divided by a?
193
Let f(k) = k**3 + 11*k**2 + 10*k + 15. Suppose 0 = 19*d - 34*d - 135. Calculate the remainder when f(d) is divided by 15.
12
Let n = -37152 + 37255. Calculate the remainder when 544 is divided by n.
29
Let v = 5134 + -4792. What is the remainder when 5816 is divided by v?
2
Let k = -219 - -245. Let b = k + 40. What is the remainder when b is divided by 23?
20
Suppose 0 = 12*r + 5*r - 2941. Let f = 186 - r. What is the remainder when 168 is divided by f?
12
Let u be (-7 + 4)*220/6. What is the remainder when 271 is divided by 1 - u/(-15)*-1*3?
18
Suppose -7*m - 5*x = -2*m - 35, -3 = -m + x. Suppose -m*l + 10 = -5. Suppose -l*s + c = -5, 4*c + 0 = -3*s - 5. Calculate the remainder when 3 is divided by s.
0
Let s = 1639 + -1473. What is the remainder when s is divided by 19?
14
Let s(l) be the second derivative of l**3/3 + 8*l**2 - l. Suppose 28 = -11*q - 38. Calculate the remainder when 5 is divided by s(q).
1
Suppose 0 = -a - g + 245, -2*a + 5*g + 387 = -103. Let l = -216 - -334. Let x = a - l. Calculate the remainder when x is divided by 32.
31
Suppose 0 = -2*o - 4*k + 38, 3*o - 6*k = -k + 57. Suppose 0 = -25*g + 24*g + o. Let m = -64 - -69. Calculate the remainder when g is divided by m.
4
Let l be -5 - (0 + -23)/(14 - 13). Suppose -l*c + 130 = -5*c. Calculate the remainder when 998 is divided by c.
8
Suppose 0 = -13*n - 30*n - 109564. Calculate the remainder when ((-6)/7)/(156/n) is divi